744
In base 9, what is 41387 - 27?
41360
In base 14, what is -39 + -6391?
-63ca
In base 4, what is 1 + 102332120?
102332121
In base 3, what is 11000 + 20002?
101002
In base 9, what is 373 + -742?
-358
In base 15, what is ee05 + 4?
ee09
In base 14, what is 27 + -39977?
-39950
In base 4, what is 10 - -123210?
123220
In base 2, what is -101 + 1100011000010?
1100010111101
In base 5, what is 20431342 + -1?
20431341
In base 9, what is 3247 - 525?
2622
In base 8, what is -1 - 660647?
-660650
In base 6, what is -303221 - -312?
-302505
In base 4, what is 11202232 + -1330?
11200302
In base 4, what is -33 - -112322?
112223
In base 8, what is -4007 + -256?
-4265
In base 15, what is -5 + 1bd7?
1bd2
In base 4, what is 101 - 11002?
-10301
In base 10, what is -60260 - -4?
-60256
In base 2, what is -10 - -1000110101110000111?
1000110101110000101
In base 16, what is 1 + -84e55?
-84e54
In base 8, what is 2 + -133020?
-133016
In base 5, what is 1 - -223012?
223013
In base 3, what is 111202111 - -1120?
111211001
In base 14, what is 3d32 - -b?
3d3d
In base 9, what is 6 + -405045?
-405038
In base 12, what is 2148 + 1?
2149
In base 4, what is 21211333 - -3?
21212002
In base 11, what is -4 - -309902?
3098a9
In base 15, what is c4 + -42d4?
-4210
In base 14, what is 4c + 294a?
2998
In base 13, what is -44 + -6a9b?
-6b12
In base 6, what is 10022 - -44?
10110
In base 5, what is -132 + -20133?
-20320
In base 16, what is -2a7 + -7?
-2ae
In base 11, what is -113 - -1614?
1501
In base 12, what is -4a2a57 + -5?
-4a2a60
In base 10, what is -41 + 17198?
17157
In base 4, what is 11331111 - 20?
11331031
In base 8, what is 13253 - 126?
13125
In base 11, what is 4 + a4a99?
a4aa2
In base 13, what is -ca - 738?
-835
In base 2, what is -100 - 10100100000001010110?
-10100100000001011010
In base 8, what is -4 - 144546?
-144552
In base 14, what is -3443 - 12?
-3455
In base 12, what is -8a80 - 21?
-8aa1
In base 4, what is 20231233 - -10?
20231303
In base 15, what is -9339 - 5?
-933e
In base 12, what is a7 + -a4?
3
In base 10, what is 16836 + -1?
16835
In base 8, what is 252 - -1333?
1605
In base 7, what is -13651 - 55?
-14036
In base 10, what is -41 - 9426?
-9467
In base 15, what is -4 - 7b733?
-7b737
In base 14, what is 14406 - 3?
14403
In base 15, what is -699 + 4d7?
-1b2
In base 8, what is -5252 + 16?
-5234
In base 3, what is -11 - -220021001221?
220021001210
In base 12, what is 655 + 3?
658
In base 16, what is -5ad + 14?
-599
In base 3, what is -10 - -2001102110?
2001102100
In base 13, what is -1 + 18902?
18901
In base 13, what is 270 + 2c?
29c
In base 10, what is 8469 - 3?
8466
In base 16, what is -62 + 4f9?
497
In base 13, what is 9 + -1959?
-1950
In base 2, what is -100 - -10100111001101?
10100111001001
In base 15, what is -a049d - 5?
-a04a3
In base 8, what is 26 + 2267?
2315
In base 9, what is 3062 - 0?
3062
In base 12, what is -234 + -1190?
-1404
In base 16, what is 4d5 + -3d?
498
In base 16, what is -25d2 + 37?
-259b
In base 10, what is -7458 + 13?
-7445
In base 12, what is -178b68 + 2?
-178b66
In base 13, what is -5812 + b?
-5804
In base 5, what is 110323 - -331?
111204
In base 3, what is -201110110212 + 12?
-201110110200
In base 11, what is 55618 + -2?
55616
In base 3, what is -1 - -10221101111122?
10221101111121
In base 10, what is 64 - -2102?
2166
In base 8, what is -24 + 413?
367
In base 15, what is 8e + -32?
5c
In base 3, what is 0 - 210202001?
-210202001
In base 3, what is -2000 - 112122?
-121122
In base 11, what is -57 - -10a?
63
In base 4, what is 2 - -33020010?
33020012
In base 14, what is 72 - -19?
8b
In base 10, what is 225530 - -5?
225535
In base 6, what is 1214102 + -3?
1214055
In base 9, what is -1002688 - 4?
-1002703
In base 16, what is -474b5 - -c?
-474a9
In base 3, what is -2002002 + 0?
-2002002
In base 12, what is 13 - 125?
-112
In base 11, what is -2 - 9a5a?
-9a61
In base 14, what is 4 - 463b?
-4637
In base 3, what is 22102200202 + 2?
22102200211
In base 6, what is -10400311 + -4?
-10400315
In base 11, what is 50 + 7?
57
In base 14, what is 0 + -13a579?
-13a579
In base 14, what is -3 + -c7c0a?
-c7c0d
In base 10, what is -58 + 1255?
1197
In base 10, what is -840 - -95?
-745
In base 16, what is -4 - 63a1?
-63a5
In base 13, what is -5 - -18885a?
188855
In base 12, what is 1431 - 12?
141b
In base 2, what is 101101101100010001 - -101?
101101101100010110
In base 6, what is 5 + 330114?
330123
In base 6, what is 104 + -222422?
-222314
In base 13, what is 11c61 - -4?
11c65
In base 3, what is 10 - 20020200?
-20020120
In base 8, what is -3 + 2536617?
2536614
In base 13, what is 12a - -17?
144
In base 5, what is -113441 + -200?
-114141
In base 7, what is -2315651 - 3?
-2315654
In base 14, what is -2 + -b06?
-b08
In base 5, what is -4 - 21103131?
-21103140
In base 11, what is -2 - 360131?
-360133
In base 11, what is -12a - -209?
8a
In base 16, what is -28 - -3124?
30fc
In base 9, what is 2 - 7237?
-7235
In base 15, what is 5e898 + 4?
5e89c
In base 12, what is 3 - 36576?
-36573
In base 13, what is 2 - -ba?
bc
In base 7, what is -3431 - 1362?
-5123
In base 2, what is 1000011 + 10000111001100?
10001000001111
In base 3, what is 21 + 201110201?
201110222
In base 16, what is -6 - -1271d?
12717
In base 3, what is -1201220 + 1011?
-1200202
In base 7, what is -26 - 464156?
-464215
In base 14, what is -221 - -c32?
a11
In base 2, what is 100 + 11011100111110?
11011101000010
In base 7, what is 32 - -2355?
2420
In base 14, what is 4 + 2c81?
2c85
In base 12, what is 688ab + -9?
688a2
In base 14, what is -78492 + 13?
-7847d
In base 16, what is -105 + 3a?
-cb
In base 8, what is -23 + -15030?
-15053
In base 12, what is -3253 + -b0?
-3343
In base 5, what is -104124 - -310?
-103314
In base 9, what is 2408681 - -4?
2408685
In base 13, what is 4 + 1ab4a6?
1ab4aa
In base 14, what is 43c6 - 75?
4351
In base 12, what is 1b9a94 + -5?
1b9a8b
In base 4, what is -22102 + -31?
-22133
In base 14, what is 31c3 - 64?
315d
In base 8, what is 12501 - -26?
12527
In base 11, what is 34 - 11416?
-11392
In base 5, what is 13 - -40413214?
40413232
In base 16, what is -b - 2575?
-2580
In base 4, what is -1021 + -30001?
-31022
In base 4, what is 3 + 2312222?
2312231
In base 15, what is -5 - dc85?
-dc8a
In base 14, what is 3 + -c292d?
-c292a
In base 10, what is 211010 - 8?
211002
In base 5, what is 13001043 + 32?
13001130
In base 4, what is -1002 + 222120?
221112
In base 8, what is -6402 + -13?
-6415
In base 8, what is -4 + -220161?
-220165
In base 9, what is 3 + -8285?
-8282
In base 2, what is -111011100010111 + 11?
-111011100010100
In base 4, what is 323122 + 12?
323200
In base 15, what is -4 + -10b07?
-10b0b
In base 10, what is 6878 + 63?
6941
In base 3, what is 111202112 + -211?
111201201
In base 8, what is 341 - -1574?
2135
In base 2, what is 10011100111111 + 11101?
10011101011100
In base 9, what is 424 - -17?
442
In base 16, what is 1658c - 0?
1658c
In base 11, what is 2 + -38640?
-38639
In base 12, what is -23a7 - 6?
-23b1
In base 16, what is 21 - -2ce?
2ef
In base 4, what is -21 + 2031110?
2031023
In base 7, what is 4 - 13112?
-13105
In base 10, what is 1 + 29540?
29541
In base 15, what is 5 - -2e91?
2e96
In base 15, what is -2964 + 2?
-2962
In base 14, what is c5bc + -6?
c5b6
In base 10, what is 1905 + -113?
1792
In base 7, what is -23 + 2524?
2501
In base 7, what is 20 + -10640?
-10620
In base 4, what is -23023 - -210123?
121100
In base 9, what is -13137 - 5?
-13143
In base 13, what is 627 - -52?
679
In base 10, what is -71 - 648?
-719
In base 6, what is 2435210 - 3?
2435203
In base 13, what is -9a + 454?
387
In base 4, what is 20002013 + 123?
20002202
In base 5, what is 222424314 - 1?
222424313
In base 9, what is 10881 + 7?
10888
In base 3, what is 102101221120 + -10?
102101221110
In base 8, what is 41 - 77644?
-77603
In base 2, what is -11001010100010010 - 10?
-11001010100010100
In base 8, what is -14703 + 11?
-14672
In base 13, what is 3a90 + c?
3a9c
In base 12, what is -806 - 162?
-968
In base 13, what is -5a6 - 58?
-631
In base 15, what is -4 + -37ac7?
-37acb
In base 5, what is 1102244 - 341?
1101403
In base 2, what is -11101000 - -100011100101000?
100011001000000
In base 11, what is -37 - -1964?
1928
In base 4, what is -12001 - 12233?
-30300
In base 14, what is 405a32 - -3?
405a35
In base 3, w